common divisor of u and 3732?
12
Suppose 2*b - 2*r = -b + 209, 4*b - 4*r = 280. Suppose -93 = -27*v + b. What is the highest common divisor of v and 27?
3
Let d be (-192)/(-120) + 2001555/75. What is the highest common divisor of 13 and d?
13
Suppose l + 3*d + 546 = 0, -2*d = 2*l - 7*d + 1136. Let r(c) = -863*c - 1. Let j be r(1). Let i = l - j. What is the highest common divisor of i and 34?
34
Let o = -17245 + 21580. What is the greatest common divisor of o and 10?
5
Let i be 0 - (19/19 + 10/(-2)). Suppose 0 = -i*s + 4*y + 80, s + 4*y + 8 = 2*s. What is the highest common divisor of 888 and s?
24
Let x(i) be the third derivative of 35/6*i**3 + 10*i**2 + 0 + 0*i - 1/3*i**4. Let t be x(-14). Calculate the greatest common divisor of 21 and t.
21
Suppose -30*s = 9*s - 2514 + 291. Suppose -2*k = -17 + 5. What is the greatest common divisor of k and s?
3
Suppose i = -v + 228, 222 = -520*v + 521*v - i. Calculate the greatest common divisor of v and 525.
75
Let f = 17201 + -16981. What is the highest common divisor of 160 and f?
20
Let j be (2/(-1))/(2/(-20)). Suppose 20 - j = -6*z. Suppose z = -15*n + 14*n + 34. What is the highest common divisor of 51 and n?
17
Let o = 59 - 60. Let g be 20 - (4/o + 3). Suppose 6*m - 5*m = 3. What is the highest common factor of g and m?
3
Let m(z) = -463*z + 869. Let w be m(0). What is the highest common divisor of 55 and w?
11
Let w be (9 + 2 + 0)*(-12 + 20). Let y = -25 - -157. Calculate the greatest common divisor of w and y.
44
Suppose -130*d = 133*d - 49970. Suppose 5*j = -3*m + 50, -3*m - 13 = -j - 75. Calculate the greatest common factor of m and d.
10
Let z = 513 - -7736. What is the greatest common divisor of 73 and z?
73
Suppose 44*m + 216 = 47*m. Let f be (1 - -1 - 12/9)*120. Suppose -4*w = -3*k - 78, 4*k + 0*k + f = 4*w. What is the highest common divisor of w and m?
18
Let r(p) = 18*p + 2. Let j be r(3). Suppose -2*i + a - 84 + 90 = 0, 7*a = 5*i + 3*a. What is the highest common factor of j and i?
8
Suppose 189 = 17*a + 19. Let l be a/(-75)*12*(-15)/2. What is the highest common factor of l and 132?
12
Suppose 2316 = 4*l - 5*w, 3*w + 305 = 293. What is the highest common factor of 28 and l?
14
Suppose 3*v - 2*a - 62 = 0, -4*v = 3*a - 4*a - 76. Let d be 1/((-16)/6 + 3). Suppose -2*w = d*w - 270. Calculate the greatest common factor of w and v.
18
Let q = 1233 - 1185. Let d(u) = 2*u**2 - 3*u + 10. Let t be d(6). What is the highest common factor of q and t?
16
Let k(u) = 2*u**2 - 14*u + 4. Let b be k(7). Suppose -3*c - b*f = -6*f - 52, f = 5*c - 89. Calculate the highest common divisor of c and 162.
18
Suppose -1011 + 4236 = 15*x. What is the highest common factor of 86 and x?
43
Suppose 11*m = 2708 + 4662. What is the highest common divisor of m and 90?
10
Let o(p) = 19*p - 89. Let i be o(8). Suppose 0 = 6*z - 213 + i. Calculate the greatest common factor of z and 10.
5
Let t(z) be the second derivative of z**4/12 - 3*z**3/2 + 11*z**2 - z - 13. Let d be t(8). Calculate the highest common factor of d and 70.
14
Let a = -1234 + 865. Let r = 212 + a. Let m = r + 277. What is the greatest common factor of m and 48?
24
Let w be 1 + -7 + 2 - -4. Suppose -2*j + q + 23 = w, -6*j + q = -11*j + 40. What is the greatest common divisor of j and 117?
9
Let a(l) = -2*l**3 - 2*l**2 + 3*l + 2. Let x be a(-2). Suppose -x*w = -3*w - 48. Let k be 10/1*(-12)/(-10). What is the greatest common divisor of w and k?
12
Let v = -41 + 45. Let y be (-140)/(-4) - (-4 + v). Calculate the highest common divisor of 15 and y.
5
Let y be (-9 + 21/105)*-5. What is the highest common factor of 2673 and y?
11
Let d(v) = -v**3 - 7*v**2 - 8*v + 10. Let j be d(-4). Let l be 8/6*(-48)/(2 + j). Let q = 53 + -37. Calculate the greatest common divisor of q and l.
16
Suppose -8430 - 2890 = 4*h. Let v be h/(-25) + (-2)/10. Suppose -p - 15 = 2*p, 4*q = -3*p + v. Calculate the highest common divisor of q and 80.
16
Suppose 4*l + 20 = 60. What is the highest common divisor of l and 2560?
10
Let j be (3/((-6)/(-14)) + (-7021)/177)*-3. What is the highest common factor of j and 6272?
98
Suppose -103*r - 448 = -135*r. What is the highest common divisor of r and 3934?
14
Let l = -14379 - -14520. What is the greatest common factor of l and 18?
3
Let s = 32301 - 20159. Let l be s/12 + 24/144. Calculate the highest common divisor of 44 and l.
44
Suppose 0 = 17*l - 945 - 143. Let p be (9/(-2))/((-48)/l). Let a = 44 - 26. Calculate the greatest common divisor of p and a.
6
Let z be (2/8 - 2) + (-14119)/(-4). Calculate the greatest common divisor of 72 and z.
72
Let p = 374 - 373. Let b be (-2247)/(-63) - p/(-3). What is the highest common divisor of b and 396?
36
Let l(k) = -3*k**2 - 14*k - 5. Let h = -37 + 29. Let p be l(h). Let b = 108 + p. What is the highest common factor of 46 and b?
23
Let r(i) be the third derivative of i**5/30 - 7*i**4/24 - 3*i**3 - 47*i**2. Let x be r(6). Calculate the greatest common divisor of x and 42.
6
Let l = 10919 - 10651. What is the greatest common divisor of 6901 and l?
67
Suppose 8*g - 2*g = 0. Suppose g = -o - 0*o - 4*q + 4, 0 = -5*o + 5*q - 5. Suppose o = -4*z - 5*z + 72. Calculate the highest common factor of z and 8.
8
Let n be (-18)/4*((-831)/9 + 53). Calculate the highest common divisor of 177 and n.
177
Let g(s) = 7*s**2 + 5*s - 8. Let n be g(-5). Let i = -129 + n. Calculate the greatest common factor of i and 143.
13
Let q = -24 - -26. Suppose 56 = 4*p - 4*l, -4*l - 53 + 15 = -q*p. Suppose -5*t = -2*b - 593, 4*b + 121 = t + 3*b. What is the greatest common factor of t and p?
9
Suppose -x - 9 = -3*u, 5*u + 5*x + 5 = -0. Suppose 2*h - 8 = u. Suppose h*r - 235 = c - 6*c, 3*c = 3*r - 147. Calculate the greatest common divisor of 12 and r.
12
Suppose -4 = x, -5*i = -8*i + 5*x - 541. Let n = i + 193. Suppose 4*c + c - 45 = 0. Calculate the highest common factor of c and n.
3
Suppose 92 = 5*o - 4*t - 25, -3*o = -4*t - 75. Let u = o - -135. What is the highest common factor of u and 26?
26
Let u = -173 + 245. Suppose u = 4*v + 2*v. Calculate the highest common divisor of 228 and v.
12
Let n = -36 + 40. Suppose 2*p - n*p = -2*q, 0 = -q - 4*p. Suppose 5*d + 27 = i - q*i, i + 4*d + 18 = 0. What is the greatest common divisor of i and 14?
2
Let u(n) = -41*n**3 + n**2 + 6*n + 3. Let f be u(-2). Suppose -z + 59 = -2*y, 2*y + 141 = 3*z - 20. Calculate the greatest common divisor of z and f.
17
Let x(z) = -123 - 8*z + 12*z + 11 - 7*z. Let v be x(0). Let r = 123 + v. Calculate the greatest common divisor of r and 44.
11
Let h be -5 + -2*(-114)/(-12). Let g = h - -64. Calculate the greatest common divisor of 260 and g.
20
Let g be (0 - ((-15)/9)/1)*(73 - 16). What is the highest common divisor of 703 and g?
19
Suppose 0 = 2*q - 5*d - 74, -2*d - 118 = -4*q + 46. Let n = -30 - -42. Let z = n + q. What is the highest common divisor of z and 6?
6
Let a(y) = -537*y - 39. Let i = 83 - 85. Let c be a(i). Calculate the highest common divisor of 69 and c.
69
Let y = 6095 + -4735. What is the greatest common factor of y and 204?
68
Suppose -102*h + 179 + 135 + 1726 = 0. Calculate the greatest common divisor of h and 655.
5
Let c(t) = 108*t - 68. Let r be c(1). Suppose 37 = 4*k - 11. Calculate the highest common factor of r and k.
4
Let q be (5 - (-13358)/(-4))*128/(-3). Let l be 2/13 + (q/169 - -4). What is the highest common divisor of 18 and l?
18
Let h(a) = a**3 - 32*a**2 - 19*a + 616. Let q be h(32). Calculate the greatest common divisor of 2640 and q.
8
Suppose -19 = -3*j - 28. Let d be (-63)/j + 0 + (-1)/1. Let c be 212/d - 2/(-5). What is the highest common factor of 33 and c?
11
Let a = 23 - 11. Let d be (6/a)/(1/10). Suppose -27 = -2*o + 5*t, d*t + 59 = -4*o + 8*o. Calculate the highest common factor of o and 24.
8
Let a be -8*(-40)/96*6*7/2. What is the highest common divisor of a and 42?
14
Suppose 5*h = o - 36, 49 = 3*o + 3*h - 5. Let w = -32 + 36. Suppose o - 109 = -w*p. Calculate the highest common divisor of 154 and p.
22
Let s be 1 - (-1 - -1 - 4). Let m be 2*(-3)/10 + 134/(-335). Let p be (m + 5 - -8)*20/6. What is the greatest common factor of p and s?
5
Let h(b) be the first derivative of 4*b**3/3 + 3*b**2/2 - b + 58. Let v be h(1). Let r be -4*1*1/(-2). What is the highest common factor of v and r?
2
Let s = -119 + 1